et x = q + 46. What are the prime factors of x?
43
Let w(l) = -9*l. Let b be -1*3/6*-2. Let q be (1 + 0 + b)/(-2). What are the prime factors of w(q)?
3
Let q(y) = 2*y**3 + 3*y**2 + 4*y + 2. Let x be q(-4). Let b be (-2)/5 - x/10. What are the prime factors of 2 + (-3)/b*-3?
3
Let k = -5 + 5. Let m = -21 - k. List the prime factors of 3/(6/(-4)) - m.
19
Suppose 5*y - 2*y = -9. Let p(m) = 5*m**3 + 8*m**2 - m + 3. Let f(i) = 4*i**3 + 7*i**2 - i + 2. Let x(h) = 4*f(h) - 3*p(h). List the prime factors of x(y).
11
Suppose -6*m = -12*m + 150. List the prime factors of m.
5
Let t(q) = q**3 - 17*q**2 + 4*q - 21. List the prime factors of t(17).
47
Suppose 3*q - 569 = -5*g, -4*q + 66 = g - 58. List the prime factors of g.
2, 7
Let o = 17 - 5. List the prime factors of o.
2, 3
Let v = 17 - 17. Let h(u) = u**2 - u + 29. List the prime factors of h(v).
29
Suppose 0 = -2*q + 5*q - 117. What are the prime factors of q?
3, 13
Let u(b) = 3*b**2 - 3*b + 2. What are the prime factors of u(7)?
2
Suppose -2*i + w + 8 = -2*w, -i = -w - 4. List the prime factors of (28/(-8))/((-2)/i).
7
Let r(y) be the third derivative of y**4/24 + 5*y**3/6 + y**2. Let z be r(0). Suppose -w - 17 = -5*c, c = -z*w - 4*c + 35. What are the prime factors of w?
3
Let j = -25 + 50. Suppose 8*s - j = 3*s. Suppose -3*h - 4 = d - 8*h, 0 = -s*d - 4*h + 38. What are the prime factors of d?
2, 3
Suppose 12 = -s - 3*s - 4*w, -2*w = -3*s + 1. Let p = s + -3. Let i = -2 - p. List the prime factors of i.
2
Let p be (-2 - 13)*1*1. Let l(b) = 5*b**2 - b. Let x be l(1). List the prime factors of x/10 + (-39)/p.
3
Suppose z - 9 = 4*z. Let a be -1 - z - (3 + 3). List the prime factors of ((-22)/(-6))/(a/(-12)).
11
Suppose 0 = -2*v + 4 + 2. Let a(o) = -3*o**2 + 7 - 3*o - 3*o**2 + 4*o**2 + v*o**2. What are the prime factors of a(5)?
17
Let m = -8 - -11. Suppose 4*v = -m*n + 13 + 9, 2 = n - 4*v. What are the prime factors of n?
2, 3
List the prime factors of (-240 - -4)/(-4) + 0.
59
Let d(s) = -s**3 + 12*s**2 + 4*s. Let p be d(12). Suppose -g + 21 + 9 = -5*r, p = 4*g - 2*r. List the prime factors of g.
2, 5
Let t = -2 + 0. What are the prime factors of 55*((t - -1) + 2)?
5, 11
Let c(f) be the first derivative of f**4 - f**3 + f**2/2 - 2*f + 1. What are the prime factors of c(2)?
2, 5
Let v = 82 + -20. List the prime factors of v.
2, 31
Let s(r) = 13*r + 3. List the prime factors of s(2).
29
Let w be (100/(-12))/(1/(-3)). Suppose w = -3*b + 4*b. What are the prime factors of b?
5
Suppose p + 0 = -6. Let j = 4 + p. List the prime factors of (-4 - -10) + (-1 - j).
7
List the prime factors of (4/16)/(2/56).
7
Suppose -3*g = 2*g. Let h = g - -4. List the prime factors of h.
2
Let t = -24 - -26. Suppose s - t = 6. List the prime factors of s.
2
Suppose 3*m - 2*m - 23 = 0. List the prime factors of m.
23
Suppose 2*k = 3*m - 36, -44 = -3*m + 3*k - 11. List the prime factors of m.
2, 7
Let j = -9 + 29. List the prime factors of j.
2, 5
Suppose n - 3*u + 13 = 0, -5*n + 5 = -4*u + 3*u. What are the prime factors of 3/(-6)*n + 7?
2, 3
Let j(t) = t**2 - 2*t - 6. What are the prime factors of j(8)?
2, 3, 7
List the prime factors of ((-80)/30)/((-1)/24).
2
List the prime factors of 3 - 1 - (-1)/1.
3
Suppose 3 + 9 = -3*w. Let m(a) = a**3 + a**2 - a. Let k be m(0). Let d = k - w. List the prime factors of d.
2
Let y = 66 + -44. Let b = -19 + y. What are the prime factors of b?
3
Suppose -35*p - 276 = -39*p. List the prime factors of p.
3, 23
Let t(y) = -1 + 2*y**2 - y**3 + 7*y**2 + 2. Let h be t(9). Suppose h - 5 = -p. What are the prime factors of p?
2
Let r(t) = t**2 + 9. Let k be r(0). Suppose k = p - 4. List the prime factors of p.
13
Let k(w) = 10*w + 55. List the prime factors of k(10).
5, 31
Suppose -5*m + 1 = -4. Let z = 7 - 5. Let c = m + z. What are the prime factors of c?
3
Let b(n) = 4*n**2 - 6*n + 5. What are the prime factors of b(3)?
23
Let y = -4 - -5. Let k be (-1)/y - 12/(-1). Let u = k - 7. What are the prime factors of u?
2
Let r be (18/15)/(4/10). Suppose -2*n + 3 = r*q + 2, 2*n - 31 = 3*q. List the prime factors of n.
2
Let t = 64 + -89. Let o = t - -42. What are the prime factors of o?
17
Suppose -2*o = -h - 2*h + 76, -5*h = -5*o - 130. Suppose 5*a = -p + h, p - 22 = -0*a - 4*a. What are the prime factors of p?
2, 7
Suppose b - 12 = -93. Let l = b + 123. Suppose 0 = 5*y - 58 - l. What are the prime factors of y?
2, 5
Suppose 5*m = 3*b - 2*b + 24, -2*m + b = -9. Suppose m*o = 73 - 13. What are the prime factors of o?
2, 3
Let z(s) = -3*s + 0*s - 1 + 5*s. Let x be z(-2). What are the prime factors of x/2*(-12)/15?
2
Let b(f) = -f**3 + 16*f**2 - 17*f + 11. Let y be b(14). Suppose -2*m = -5*m + y. What are the prime factors of m?
5, 11
Let c(u) = -u**2 + 4*u + 16. List the prime factors of c(6).
2
Let k = 14 + -9. Let f = k - 2. Suppose w = f*w - 18. What are the prime factors of w?
3
Let s be ((-5)/(-2))/(1/2). Suppose -3*j = -s*p + 214, -133 + 25 = -3*p - 5*j. Suppose -5*y + p + 39 = 0. What are the prime factors of y?
2
Suppose -2*r - 3*r = -15. Suppose -3*b + 2*f + 12 = 0, 2*f - r = -2*b + 5*f. What are the prime factors of b?
2, 3
Suppose -215 = f - 6*f. Let i(t) = -t + 4. Let b be i(2). Suppose -r - b*a = -25, 0*a - 3*a = -2*r + f. What are the prime factors of r?
23
Let n = 53 - 31. List the prime factors of n.
2, 11
Let o = 135 + -86. What are the prime factors of o?
7
Let k = 4 + -1. Suppose -3*r = -k*z + 51, 0*z + z = 5*r + 101. What are the prime factors of 0 - 7/(r/36)?
2, 3
What are the prime factors of ((-10)/(-15))/((-2)/(-99))?
3, 11
Let i be (-10)/(0 + (-2)/9). Suppose i = 2*g + 3*g. What are the prime factors of g?
3
Let f(c) = -c**3 + 3*c**2 + 2*c + 2. Let w be f(4). Let o be (2/(-4))/(1/w). Suppose -p = -b + 5 + 1, -o*p + 31 = 4*b. What are the prime factors of b?
7
Suppose 2*i - t - 27 = -4*t, -2*t + 6 = 0. What are the prime factors of i?
3
Let l(d) = -d**3 - 4*d**2 + 4*d + 1. Let v be 7/28 - (-42)/(-8). List the prime factors of l(v).
2, 3
Let u(y) = -9*y**2 - 3*y + 1. Let x be u(3). Let q = x + 134. List the prime factors of q.
3, 5
Suppose -4*q - q + 5*r = 185, 0 = -q - 2*r - 28. Suppose 0 = -3*n - 8 - 10. What are the prime factors of 2/(-3) + q/n?
5
Let t(z) = z**2 - z - 1. Suppose 1 - 8 = -s. Suppose 3*a = 4*g + 3 + s, -8 = -4*a + 4*g. What are the prime factors of t(a)?
5
Let k = -12 - 7. List the prime factors of k*1/4*-4.
19
Let u = 78 + -46. List the prime factors of u.
2
List the prime factors of -3 + (9/(-3) - -8).
2
Let q be 27/6 - 1/2. Suppose -5*g - q*k = -5 - 11, k + 17 = 4*g. Suppose -r + g = -0*r. What are the prime factors of r?
2
Let a = 552 - 331. List the prime factors of a.
13, 17
Suppose -3*h = -h + 6. Let g(u) = -u**2 + 1. Let a(q) = -4*q**2 - 6*q - 3. Let b(j) = h*g(j) + a(j). What are the prime factors of b(-4)?
2
Let g(t) = -t + 27. Let o be g(0). Suppose 5*j = o + 3. List the prime factors of j.
2, 3
Let u(n) = n + 2 - 2*n - n. List the prime factors of u(-7).
2
Suppose 0 = -2*p + 5*f - 11, -4*p + 6 = -f + 73. Let v = p + 9. What are the prime factors of 0/(-3) - -1 - v?
2, 5
Let m be -7*(24/(-21) + 2). What are the prime factors of 4/(-12) - 62/m?
2, 5
Let b be ((-4)/3)/((-4)/42). Let w = -11 + b. List the prime factors of w.
3
Let z = 27 + -39. Let t = -6 + z. Let h = 29 + t. What are the prime factors of h?
11
Let v = -5 + -3. Let o = v - -11. Suppose -14 = -o*d + 1. List the prime factors of d.
5
Suppose -8*a + 3*a + 460 = 0. Suppose 3*f + 5*c = a, 4*c = -2*f - c + 68. What are the prime factors of f?
2, 3
Let f = -13 + -1. Let s = f + 8. Let y(m) = -m**3 - 7*m**2 - 6*m + 3. List the prime factors of y(s).
3
Let l be (-4 + 6)/(2/5). Suppose 4*p + 28 = o, -6*o + 3*o + l*p + 77 = 0. List the prime factors of o.
2, 3
Suppose 0 = -5*l + 25, -2*n + 28 = l + 3*l. Suppose -5*i + 125 + 31 = -2*m, 2*m - n = 0. Suppose 6*z - 2*z = i. List the prime factors of z.
2
Let g = -433 + 704. List the prime factors of g.
271
Let j(x) = 5 - 2 - 11*x + 15*x + x**2. List the prime factors of j(-4).
3
What are the prime factors of (-2)/((-24)/2830) - (-2)/12?
2, 59
Suppose 76 = -p + 5*p. Let x = p - 13. List the prime factors of x.
2, 3
Let p(x) = x**2 + 1. Let o(i) = -i**3 + 14*i**2 + i. Let n(k) = -o(k) + 6*p(k). Let s be n(8). Let c(r) = 2*r**2 + r. List the prime